t(x) = 11607507*x + 2. What is t(0)?
2
Let v(o) = 4*o**2 - 95*o - 270. Give v(20).
-570
Let v(o) = 3*o**3 + 89*o**2 - 20*o - 107. Give v(-30).
-407
Let x(v) = v**3 - 26*v**2 + 1754*v - 1. Calculate x(0).
-1
Let y(n) = -774*n + 342114. Give y(442).
6
Let s(b) = 3795*b + 26964. Determine s(-7).
399
Let s(w) = 2447*w - 7766. What is s(3)?
-425
Let c(t) = -21*t**2 + 2585*t - 244. Calculate c(123).
2
Let f(a) = 2919*a - 405256. Give f(139).
485
Let t(l) = -2*l**3 + 4541*l**2 - 15849*l - 45329. What is t(2267)?
11
Let b(t) = -3314*t**2 + 19827*t + 358. Give b(6).
16
Let g(d) = -209*d**3 + 92*d**2 - 162*d + 70. Determine g(1).
-209
Let d(a) = 3256*a + 10987. What is d(-3)?
1219
Let o(m) = 3*m**3 + 77*m**2 - 3*m + 68. Determine o(-26).
-530
Let o(q) = -141401*q - 707011. Give o(-5).
-6
Let n(y) = -4260*y + 29873. What is n(7)?
53
Let v(y) = y**3 - 40*y**2 + 154*y - 129. Give v(34).
-1829
Let b(o) = 2499*o - 37495. Determine b(15).
-10
Let r(q) = -2*q**3 + 515*q**2 + 83296*q - 17022. Give r(370).
-2
Let s(x) = 2*x**3 + 11*x**2 - 1822*x + 7441. Determine s(25).
16
Let n(t) = t**2 + 123*t - 52656. Determine n(-299).
-32
Let j(a) = -69*a**2 - 1161*a + 2862. What is j(-19)?
12
Let u(q) = -13*q**2 + 188*q - 742. Calculate u(6).
-82
Let l(h) = -36690*h + 30. Give l(0).
30
Let n(w) = 63*w**2 - 4222*w - 125. Determine n(67).
-192
Let t(o) = -743*o - 19447. Calculate t(-26).
-129
Let f(i) = -17*i**3 + 5*i**2 + 25*i - 18. Determine f(-4).
1050
Let n(i) = i**2 + 976*i - 2. Give n(0).
-2
Let z(k) = -10719*k - 2261703. Determine z(-211).
6
Let z(u) = 6201*u + 930090. Give z(-150).
-60
Let g(n) = 140*n**3 + 4*n**2 + 455*n - 930. What is g(2)?
1116
Let s(w) = -3*w**2 + 8171*w - 48929. Calculate s(6).
-11
Let y(f) = 3253*f**3 + 22*f**2 + 34*f + 13. Calculate y(-1).
-3252
Let a(b) = -1930*b + 42405. What is a(22)?
-55
Let f(b) = -2*b**3 - 52*b**2 - 372*b - 785. Give f(-5).
25
Let q(b) = 5592*b - 603920. What is q(108)?
16
Let u(w) = -62234*w + 248940. Determine u(4).
4
Let d(i) = 44*i - 956. Calculate d(18).
-164
Let w(q) = 1062122*q - 4248498. Calculate w(4).
-10
Let d(y) = y**3 - 17*y**2 - 43*y + 1130. What is d(12)?
-106
Let p(m) = 2*m**3 + 64*m**2 - 1929*m - 117. Calculate p(19).
54
Let b(s) = -1172*s + 71663. What is b(61)?
171
Let n(t) = -22*t**2 + 2594*t - 60397. Give n(86).
-25
Let m(s) = 176*s**2 - 1238*s - 2. Give m(7).
-44
Let o(q) = q**3 + 11*q**2 + 2581*q + 17866. What is o(-7)?
-5
Let s(i) = -2*i**3 - 973*i**2 - 1473*i - 8669. Give s(-485).
61
Let m(v) = 15663*v + 689142. Give m(-44).
-30
Let j(d) = -481*d + 4644. What is j(10)?
-166
Let w(v) = 180*v**2 - 4777*v + 11076. Determine w(24).
108
Let p(w) = 2*w**3 + 13*w**2 + 2805*w + 13948. Determine p(-5).
-2
Let t(d) = -3*d**3 - 148*d**2 - 45*d + 130. What is t(-49)?
-66
Let o(r) = -1497*r - 414426. Calculate o(-277).
243
Let u(b) = -b**3 - 266*b**2 + 1372*b - 9. What is u(5)?
76
Let h(i) = 97*i**2 - 1827*i - 307. Calculate h(19).
-3
Let k(f) = -f**2 - 1063169*f - 3189498. Determine k(-3).
0
Let l(i) = -26158*i + 679801. Determine l(26).
-307
Let q(v) = -90*v**2 - 186*v + 104. What is q(-2)?
116
Let z(s) = -232*s**2 + 112*s + 105. Calculate z(-1).
-239
Let a(r) = -140*r + 32415. What is a(206)?
3575
Let v(j) = 11*j**3 + 70*j**2 - 566*j - 23. Determine v(-11).
32
Let c(o) = -191668*o + 8433381. Give c(44).
-11
Let f(p) = -2*p**2 + 5330*p + 5330. Give f(-1).
-2
Let a(t) = -3500*t + 1963704. Calculate a(561).
204
Let d(s) = 10*s**2 - 1033*s + 26533. What is d(55)?
-32
Let w(v) = 67335*v - 740997. What is w(11)?
-312
Let q(l) = -14546*l - 7462102. What is q(-513)?
-4
Let y(p) = 1402*p + 440255. What is y(-314)?
27
Let c(l) = -903*l - 12559. Calculate c(-14).
83
Let o(j) = -40*j - 5055. Give o(-136).
385
Let n(z) = 24*z**3 + 11928*z**2 + 8*z + 3970. Determine n(-497).
-6
Let m(f) = -f**3 - 595*f**2 + 4304*f + 54198. Give m(-602).
18
Let s(j) = j**3 - 41*j**2 + 429*j - 12. Calculate s(16).
452
Let a(w) = 803*w + 9897. What is a(-14)?
-1345
Let n(l) = -131364*l + 394056. What is n(3)?
-36
Let k(a) = -7*a**2 - 1945*a - 25617. Determine k(-264).
-9
Let r(d) = 16*d**2 - 3786*d + 11353. Calculate r(3).
139
Let i(p) = 2*p**2 - 63*p - 1840. Give i(46).
-506
Let j(o) = 20*o**2 + 1024*o - 1963. Calculate j(-53).
-55
Let z(x) = 44128*x + 3706763. Give z(-84).
11
Let q(i) = i**3 - 297*i**2 - 1314*i - 152721. What is q(303)?
-9
Let x(v) = -5*v**3 + 131*v**2 + 32*v - 1503. Give x(26).
5
Let o(p) = -3*p**3 - 64*p**2 - 65646*p - 1378127. What is o(-21)?
-2
Let h(k) = 2*k**3 - 2188*k**2 + 40922*k - 77406. Calculate h(1075).
-6
Let f(g) = 116465*g - 5240886. Determine f(45).
39
Let p(q) = 41*q**2 - 731*q - 13. What is p(18)?
113
Let w(g) = -g**2 + 3106*g + 106749. Calculate w(-34).
-11
Let c(y) = 66*y**3 - 31*y**2 - 115*y - 101. What is c(-3)?
-1817
Let j(v) = -17816*v - 409768. Give j(-23).
0
Let m(t) = -35785*t - 644127. Give m(-18).
3
Let y(z) = z**3 + 15*z**2 - 478*z - 6757. Give y(-23).
5
Let u(k) = -5*k**3 + 13*k**2 - 77*k + 184. Calculate u(6).
-890
Let y(b) = -1082*b - 4001. Give y(-4).
327
Let q(m) = -m**3 - 1012*m**2 - 7025*m + 37. Calculate q(-7).
-33
Let x(t) = 14419*t - 403708. Calculate x(28).
24
Let c(d) = 4*d**2 + 157*d - 350. What is c(-42)?
112
Let q(j) = -7*j**3 + 15*j**2 + 78*j - 212. What is q(3)?
-32
Let q(w) = 1111*w - 28931. Give q(26).
-45
Let y(j) = -j**2 - 9312*j - 2283057. Give y(-252).
63
Let p(x) = 1164516*x + 12809673. Give p(-11).
-3
Let d(l) = l**3 + 116*l**2 + 568*l - 10104. Determine d(-110).
16
Let f(q) = -8375*q + 1021527. Give f(122).
-223
Let j(k) = -2048*k + 88006. Calculate j(43).
-58
Let y(d) = -4358*d**2 - 4211*d + 57. Calculate y(-1).
-90
Let i(p) = -3*p**3 - 2*p**2 - 6290*p - 1. Give i(0).
-1
Let i(j) = -j**3 - 252*j**2 - 1927*j + 185. Determine i(-8).
-15
Let k(o) = -3*o**2 - 446*o + 2407. Calculate k(-154).
-57
Let p(a) = 2*a**2 + 2593*a + 838907. What is p(-676)?
-9
Let u(s) = -4888*s - 234627. What is u(-48)?
-3
Let b(s) = s**2 + 83*s - 1176. Give b(-79).
-1492
Let k(d) = 9*d**2 - 80*d + 169. Calculate k(4).
-7
Let o(b) = 19045*b + 20785. Determine o(-1).
1740
Let v(k) = 354*k**3 + 2471*k**2 - 53*k - 61. Determine v(-7).
-33
Let j(h) = 44160*h + 88321. Calculate j(-2).
1
Let l(g) = g**2 + 1969*g + 77229. What is l(-40)?
69
Let h(z) = -5*z**3 + 198*z**2 - 252*z + 13274. Give h(40).
-6
Let j(m) = -22*m**2 - 2665*m - 420. Give j(-121).
-57
Let h(z) = -z**3 + 151*z**2 + 632*z + 23100. What is h(156)?
12
Let c(m) = -1884*m**2 + 3779*m - 11. Determine c(2).
11
Let s(c) = -9125*c - 2408994. What is s(-264)?
6
Let x(i) = -6*i**2 + 871*i - 12367. What is x(14)?
-1349
Let p(a) = a**3 - 42*a**2 + 131*a + 2202. Give p(37).
204
Let m(f) = -119*f**2 - 90505*f - 49397. What is m(-760)?
3
Let z(x) = -4789*x - 4988. Give z(-1).
-199
Let x(d) = -d**3 - 18*d**2 - 36*d - 68. Determine x(-14).
-348
Let t(j) = -6*j**2 - 242*j - 1457. Give t(-33).
-5
Let s(j) = j**3 - 291*j**2 + 1712*j - 794. Calculate s(285).
-224
Let w(x) = 130*x + 1444. What is w(-8)?
404
Let o(b) = 3*b**3 + 76*b**2 + 599*b - 7. Determine o(-10).
-1397
Let s(b) = -b**2 - 300*b - 16282. Calculate s(-230).
-182
Let a(u) = -u**3 - 53*u**2 - 140*u + 1154. What is a(-50)?
654
Let x(b) = -b**3 - 2*b**2 - 30*b - 42. Determine x(-6).
282
Let o(q) = -13242*q - 211932. Calculate o(-16).
-60
Let i(v) = -v**2 - 784*v + 473696. Give i(400).
96
Let q(b) = -b**2 + 39134*b - 117402. Calculate q(3).
-9
Let x(k) = 19119*k - 153123. Give x(8).
-171
Let v(k) = -k**3 - 49*k**2 + 368*k + 161. Determine v(7).
-7
Let x(v) = 7*v**2 - 495*v - 195071. Calculate x(206).
11
Let z(v) = 37872*v + 340692. Calculate z(-9).
-156
Let i(f) = -16656*f - 150093. What is i(-9)?
-189
Let y(k) = -k**3 + 184*k**2 - 2052*k - 156. What is y(12)?
-12
Let a(d) = d**3 + 9*d**2 - 60*d - 84. Calculate a(6).
96
Let m(h) = -h**3 - 362*h**2 - 10580*h - 6611. Give m(-330).
-11
Let k(g) = 3*g**3 + 1053*g**2 + 3081*g - 17751. Give k(-348).
-3
Let g(s) = 2*s**3 + 10*s**2 + 22*s + 152. What is g(-6)?
-52
Let u(n) = -3*n**3 - 85*n**2 + 416*n + 12540. Calculate u(-28).
108
Let z(x) = 20*x**2 + 157*x + 281. Give z(-10).
711
Let j(y) = -3*y**3 + 1149*y**2 - 8*y + 3031. Give j(383).
-33
Let p(w) = -4*w**3 - 961*w**2 - 3081*w + 7. Calculate p(-237).
7
Let d(p) = -1015*p - 16094. Calculate d(